ded by (7 - (-1 + 3))*1.
3
Let d = -54 + 66. Suppose 4*l + 42 = 2*q + q, 5*q = l + 53. Suppose -3*u = -59 - q. Calculate the remainder when u is divided by d.
11
Let c(w) = -2 - 4 - 6*w - 2 + 19*w - w**2. What is the remainder when c(6) is divided by 18?
16
Suppose 0*m + 19 = m. What is the remainder when m is divided by 11?
8
Let z(d) = 69*d. Calculate the remainder when z(1) is divided by 14.
13
Let d = 2 - -4. What is the remainder when 16 is divided by d?
4
Suppose 2*f = 4*g - 24 + 82, -3*g = 4*f - 94. Suppose 5*k - f = 0, a - 2*k - 4 = 7. What is the remainder when a is divided by 12?
9
Let p be (-100)/45 - 4/(-18). Suppose 3*c - 4*l = 5, -5*c + 0*c + l + 31 = 0. Calculate the remainder when c is divided by (-7)/p - 1/2.
1
Let z(b) = 3*b - 5. Let d = 0 + 5. Suppose -d = -3*y + 13. Calculate the remainder when 37 is divided by z(y).
11
Suppose 3*f + 4*y = 24, 2*y - 4 = 2*f - 2*y. Suppose 16 = f*c - 24. Calculate the remainder when c is divided by 6.
4
Let z(d) be the first derivative of 38*d**3/3 - d - 2. Calculate the remainder when z(-1) is divided by 10.
7
Suppose -f - b + 14 = f, -4*f - b + 32 = 0. Suppose 4 - 16 = -3*k. Let j(g) = g + 1. Calculate the remainder when f is divided by j(k).
4
Let r = 5 + 6. Suppose 3 = -3*f + 6. What is the remainder when ((-9)/(-6) - f)*42 is divided by r?
10
Suppose 3*h = -5*l + 6, 5*h - l - 10 = 4*l. Suppose h*w - 4*w = -5*d - 45, -12 = -w - d. Calculate the remainder when w is divided by 4.
3
Let q(h) = -h**2 - 17*h - 46. Calculate the remainder when 84 is divided by q(-9).
6
Suppose 0 = -5*g + 2*a + 69, 4*a + 12 = 3*g - 35. What is the remainder when g is divided by 2?
1
Let h(d) = -d**2 + d + 9. What is the remainder when -34*2/(-4)*1 is divided by h(0)?
8
Let c = -1 - -14. Suppose -4*m + 3 = -1, -c = -3*t + 2*m. Calculate the remainder when 19 is divided by t.
4
Suppose -15 = 2*u - 3*u. Calculate the remainder when u is divided by 6.
3
Suppose 3*o - 278 = 4. Calculate the remainder when o is divided by 32.
30
Let r = 5 - 2. Suppose -w - 3*n + 25 = 0, -2*w = -5*w - 2*n + 40. Let i = w - 1. Calculate the remainder when i is divided by r.
0
Let q = -144 + 81. Let k = 88 + q. What is the remainder when k is divided by 9?
7
Let a be (2 - -1) + -2 - 14. Let c(r) = -r - 5. Calculate the remainder when 31 is divided by c(a).
7
Let f be -1 + 0/3 - -3. Let q(o) = -3*o + 3. Let l be q(f). What is the remainder when 1 + l/3*-2 is divided by 2?
1
Suppose -2*k - 72 = -b - 3*b, -32 = -2*b - k. Calculate the remainder when 201 is divided by b.
14
Let d = -9 - -5. What is the remainder when (-42)/d*8/6 is divided by 4?
2
Calculate the remainder when 150/14 + 14/49 is divided by 5.
1
Suppose 0 = 4*b - 0*b + w - 12, 0 = 3*w + 12. Calculate the remainder when 10 is divided by b.
2
Let q(t) = t**3 + 6*t**2 + 6*t + 4. What is the remainder when 57 is divided by q(-4)?
9
Suppose q = p + 2*p - 71, q = -3*p + 61. Calculate the remainder when p is divided by ((-10)/30)/((-3)/72).
6
Suppose 2*f = 18 + 8. Let k(i) = 4*i**2 + i - 3. Calculate the remainder when k(3) is divided by f.
10
Suppose 1301 = 5*u - 244. What is the remainder when u is divided by 62?
61
Suppose 5*a = 9 + 26. Let w(r) = -r**2 + 9*r + 4. Calculate the remainder when w(a) is divided by (0 - 15/(-9))*3.
3
Let o be ((-8)/(-16))/((-1)/(-48)). Suppose -o = -2*b - 4. What is the remainder when 38 is divided by b?
8
Let x = -48 + 129. Calculate the remainder when x is divided by 42.
39
Suppose -7*i + i = -180. What is the remainder when i is divided by (11 + 0/1)*1?
8
Let m = 0 - -17. Let a(t) = 34*t**2 - 1. What is the remainder when a(1) is divided by m?
16
Suppose 0*j = -4*j + 76. Calculate the remainder when 111 is divided by j.
16
Let d(u) = -u - 1. Let r = -11 - -5. Let j be d(r). Suppose 3*m = j*f - m - 199, -4*f - 5*m = -192. Calculate the remainder when f is divided by 15.
13
Let c = 40 - -12. Suppose -3*g - c + 193 = 0. Suppose 0 = 6*k - 3*k - 48. Calculate the remainder when g is divided by k.
15
Let q(v) = 2 + 1 + 15*v - 4. What is the remainder when 27 is divided by q(1)?
13
Suppose 161 = 5*m - b, b - 136 = -0*m - 4*m. Calculate the remainder when m is divided by 9.
6
Suppose -3*g + 22 - 1 = 0. What is the remainder when 26 is divided by g?
5
Suppose q - 6 = 6*o - 3*o, -54 = -3*q - 3*o. What is the remainder when 58 is divided by q?
13
Let x be 10/4 - (-11)/(-22). Calculate the remainder when 8 is divided by 4 + (1 - (x + 0)).
2
Let c(i) = -5*i - i**2 - 7*i**2 + 0*i**2 + 0*i**3 + 9 - i**3. Let a be c(-7). Let x(d) = -4*d + 2. What is the remainder when x(a) is divided by 12?
10
Let z = -33 + 15. Let h = z - -28. Let t = 3 + h. What is the remainder when t is divided by 5?
3
Suppose -320 = -11*w - 133. Calculate the remainder when 65 is divided by w.
14
Let i(r) = -r**2 + r - 1. Suppose 0*m + o = 3*m - 3, -5*o = 5*m - 5. Let c be i(m). Calculate the remainder when 23 is divided by (-11 + -1)/(0 + c).
11
Suppose -1 = -4*o + 3. Let x(v) = -7*v - 1. Let c(z) = 4*z. Let m(w) = 5*c(w) + 3*x(w). Calculate the remainder when m(-4) is divided by o.
0
Suppose 4*w = 4, -o + 68 = -3*w - 37. What is the remainder when o is divided by 37?
34
Suppose 2*j - 160 = 2*q, -137 = -2*j + 3*q + 21. Calculate the remainder when j is divided by 6.
4
Let s = -32 - -60. Suppose 2*d - s = 54. Calculate the remainder when d is divided by 14.
13
Let n = 0 - -1. Let a(m) = m**2 - 3*m - 3. Calculate the remainder when a(6) is divided by 6 - (-2 + n) - -1.
7
Let t(m) = 4*m - 13. What is the remainder when t(9) is divided by 10?
3
Let x(k) = k**3 + 7*k**2 + 4*k + 7. Let v = 2 + -7. Calculate the remainder when x(v) is divided by (-2 + 14/(-6))*-3.
11
Let h be 20/3 + (-7)/(-21). Let g = h - -3. Calculate the remainder when g is divided by 8.
2
Let q(l) = -l - 2*l - 2*l + 6*l. Let x be q(0). Suppose i + x*i - 20 = 0. What is the remainder when i is divided by 7?
6
Suppose -2*u + 68 = -3*f, u - 5*f - 31 = 17. What is the remainder when u is divided by 534/33 - 2/11?
12
Let a be 4/18 + (-190)/45. Let x = a - -7. Calculate the remainder when ((-12)/5)/(9/(-30)) is divided by x.
2
Let m(h) = -h**3 - 8*h**2 + 10*h - 13. What is the remainder when m(-10) is divided by 22?
21
Let r be (-12)/9*(-126)/4. Calculate the remainder when 0 + r/2 + -3 is divided by 10.
8
Suppose 3*l = 3*v - 43 + 19, -3 = -v - 4*l. Let b(m) = -2*m + 3*m + 2*m - 7. What is the remainder when b(v) is divided by 8?
6
Let d = 5 + 10. Calculate the remainder when (-2)/3 - (-25)/d is divided by 1.
0
Let v be 2/6 + 16/6. Let g(l) = -6*l - 4. Let y be g(-8). Suppose -7*b = -v*b - y. What is the remainder when 21 is divided by b?
10
Suppose 0 = -3*q + 12, 5*o - 4*q + q - 953 = 0. Suppose 107 + o = 5*u. Suppose 0 = 2*x + 3*x - u. Calculate the remainder when 33 is divided by x.
9
Suppose 0*u - u - 39 = -5*j, 0 = -5*j - 2*u + 27. Let i = 23 + -12. Let s(f) = f**3 - 12*f**2 + 12*f + 2. Calculate the remainder when s(i) is divided by j.
6
Let f(b) = b**2 + 4*b - 1. Let a be f(-3). Let m be ((-1)/((-2)/a))/(-2). Suppose -5*x + 3*q = -58, -q = -m + 2. What is the remainder when x is divided by 4?
3
Let k = 17 + 0. Calculate the remainder when 101 is divided by k.
16
Let m(t) = t**2 + t + 12. Calculate the remainder when 32 is divided by m(0).
8
Suppose 0 = -5*b + 8*b - 6. What is the remainder when b is divided by 1?
0
Let l = 0 - -33. Suppose 0 = -4*n + 3*n + 12. What is the remainder when l is divided by n?
9
Suppose 0 = -2*z + 3*z + 4*x + 7, -7 = -3*z - 5*x. Calculate the remainder when 31 is divided by 44/6*z/6.
9
Suppose -4*a + 5 = -7. Let h(g) = -g**2 + 2*g + 6. Calculate the remainder when 5 is divided by h(a).
2
Let k = 19 + -35. Calculate the remainder when 0 - (3 + k*2) is divided by 16.
13
Calculate the remainder when (-477)/(-12)*(-64)/(-24) is divided by 37.
32
Let d = 60 - 37. Calculate the remainder when d is divided by 3.
2
Let t be (-16)/6*-3*15. Suppose 0 = -4*d + 2*x + t, 165 = 2*d + 3*d + 5*x. Calculate the remainder when d is divided by 16.
15
Calculate the remainder when (-1)/(-6) + (745/(-30))/(-1) is divided by 13.
12
Let g(x) = x**3 + 3*x**2 + 4*x + 3. Let w be g(-2). What is the remainder when (39 + w)/(6/3) is divided by 5?
4
Let r = -185 + 344. Calculate the remainder when r is divided by 40.
39
Le